{"id":1249,"date":"2022-10-03T10:14:23","date_gmt":"2022-10-03T10:14:23","guid":{"rendered":"https:\/\/krl-freelance.fr\/?page_id=1249"},"modified":"2023-05-08T07:44:15","modified_gmt":"2023-05-08T07:44:15","slug":"mentions-legales","status":"publish","type":"page","link":"https:\/\/krl-freelance.fr\/?page_id=1249","title":{"rendered":"Mentions l\u00e9gales"},"content":{"rendered":"\t\t<div data-elementor-type=\"wp-page\" data-elementor-id=\"1249\" class=\"elementor elementor-1249\">\n\t\t\t\t\t\t<section class=\"elementor-section elementor-top-section elementor-element elementor-element-6858f916 elementor-section-boxed elementor-section-height-default elementor-section-height-default\" data-id=\"6858f916\" data-element_type=\"section\" data-e-type=\"section\">\n\t\t\t\t\t\t<div class=\"elementor-container elementor-column-gap-default\">\n\t\t\t\t\t<div class=\"elementor-column elementor-col-100 elementor-top-column elementor-element elementor-element-6afc0a88\" data-id=\"6afc0a88\" data-element_type=\"column\" data-e-type=\"column\">\n\t\t\t<div class=\"elementor-widget-wrap elementor-element-populated\">\n\t\t\t\t\t\t<div class=\"elementor-element elementor-element-2cef20c9 elementor-widget elementor-widget-text-editor\" data-id=\"2cef20c9\" data-element_type=\"widget\" data-e-type=\"widget\" data-widget_type=\"text-editor.default\">\n\t\t\t\t<div class=\"elementor-widget-container\">\n\t\t\t\t\t\t\t\t\t\n<p>\u00a0<\/p>\n\n<p>Ce site est exploit\u00e9 par Karelle Chevenier Vernisse responsable de la publication, dont les informations l\u00e9gales sont les suivantes :<\/p>\n\n<p>Num\u00e9ro de Siret : 79804235400026<\/p>\n\n<p>Adresse : 36 Rue Louis Ranvier\u00a0 |\u00a0 42300 ROANNE<\/p>\n\n<p>\u200b<\/p>\n\n<p>Vous pouvez joindre KRL Freelance par mail : contact@krl-freelance.fr<\/p>\n\n<p>\u200b<\/p>\n\n<p>Dispens\u00e9e d\u2019immatriculation au registre du commerce et des soci\u00e9t\u00e9s (RCS) et au r\u00e9pertoire des m\u00e9tiers (RM)<\/p>\n\n<p>TVA non applicable, article 293 B du CGI<\/p>\n\n<p>\u200b<\/p>\n\n<p>H\u00e9bergeur : IONOS SARL<br \/>7, place de la Gare<br \/>BP 70109<br \/>57201 Sarreguemines Cedex<\/p>\n\n<p>\u200b<\/p>\n\n<p>\u200b<\/p>\n\n<h4 class=\"wp-block-heading\">Conditions d&rsquo;utilisation<\/h4>\n\n<p>Le site accessible par l&rsquo;url suivant:<a title=\"\" href=\"https:\/\/krl-freelance.fr\" target=\"_blank\" rel=\"noopener\"> https:\/\/krl-freelance.fr<\/a> est exploit\u00e9 dans le respect de la l\u00e9gislation fran\u00e7aise. L&rsquo;utilisation de ce site est r\u00e9gie par les pr\u00e9sentes conditions g\u00e9n\u00e9rales. En utilisant le site, vous reconnaissez avoir pris connaissance de ces conditions et les avoir accept\u00e9es. Celles-ci pourront \u00eatres modifi\u00e9es \u00e0 tout moment et sans pr\u00e9avis par KRL Freelance<\/p>\n\n<p>KRL Freelance ne saurait \u00eatre tenu pour responsable en aucune mani\u00e8re d\u2019une mauvaise utilisation du service.\u00a0<\/p>\n\n<p>\u200b\u200b<\/p>\n\n<p>\u200b\u200b<\/p>\n\n<h4 class=\"wp-block-heading\">Liens hypertextes<\/h4>\n\n<p>KRL Freelance ne dispose d&rsquo;aucun moyen pour contr\u00f4ler les sites en connexion avec ses sites internet et ne r\u00e9pond pas de la disponibilit\u00e9 de tels sites et sources externes, ni ne la garantit.<\/p>\n\n<p>Elle ne peut \u00eatre tenue pour responsable de tout dommage, de quelque nature que ce soit, r\u00e9sultant du contenu de ces sites ou sources externes, et notamment des informations, produits ou services qu\u2019ils proposent, ou de tout usage qui peut \u00eatre fait de ces \u00e9l\u00e9ments.<\/p>\n\n<p>Les risques li\u00e9s \u00e0 cette utilisation incombent pleinement \u00e0 l&rsquo;internaute, qui doit se conformer \u00e0 leurs conditions d&rsquo;utilisation.<\/p>\n\n<p>\u200b\u200b<\/p>\n\n<p>\u200b<\/p>\n\n<h4 class=\"wp-block-heading\">Services fournis<\/h4>\n\n<p>L\u2019ensemble des activit\u00e9s de la soci\u00e9t\u00e9 ainsi que ses informations sont pr\u00e9sent\u00e9s sur ce m\u00eame site.<\/p>\n\n<p>KRL Freelance s\u2019efforce de fournir des informations aussi pr\u00e9cises que possible. Les renseignements figurant sur ce site ne sont pas exhaustifs et les photos non contractuelles.<\/p>\n\n<p>Ils sont donn\u00e9s sous r\u00e9serve de modifications ayant \u00e9t\u00e9 apport\u00e9es depuis leur mise en ligne.<\/p>\n\n<p>Par ailleurs, tous les informations indiqu\u00e9es sur le site sont donn\u00e9es \u00e0 titre indicatif, et sont susceptibles de changer ou d\u2019\u00e9voluer sans pr\u00e9avis.<\/p>\n\n<p>\u200b\u200b<\/p>\n\n<p>\u200b<\/p>\n\n<h4 class=\"wp-block-heading\">Limitations contractuelles sur les donn\u00e9es<\/h4>\n\n<p>Les informations contenues sur ce site sont aussi pr\u00e9cises que possible et le site remis \u00e0 jour \u00e0 diff\u00e9rentes p\u00e9riodes de l\u2019ann\u00e9e, mais peut toutefois contenir des inexactitudes ou des omissions. Si vous constatez une lacune, erreur ou ce qui parait \u00eatre un dysfonctionnement, merci de bien vouloir le signaler par email, \u00e0 l\u2019adresse <a title=\"\" href=\"mailto:contact@krl-freelance.fr\">contact@krl-freelance.fr<\/a> ou via mon formulaire de contact en d\u00e9crivant le probl\u00e8me de la mani\u00e8re la plus pr\u00e9cise possible (page posant probl\u00e8me, type d\u2019ordinateur et de navigateur utilis\u00e9, \u2026).<\/p>\n\n<p>Tout contenu t\u00e9l\u00e9charg\u00e9 se fait aux risques et p\u00e9rils de l\u2019utilisateur et sous sa seule responsabilit\u00e9. En cons\u00e9quence, ne saurait \u00eatre tenu responsable d\u2019un quelconque dommage subi par l\u2019ordinateur de l\u2019utilisateur ou d\u2019une quelconque perte de donn\u00e9es cons\u00e9cutives au t\u00e9l\u00e9chargement. De plus, l\u2019utilisateur du site s\u2019engage \u00e0 y acc\u00e9der en utilisant un mat\u00e9riel r\u00e9cent, ne contenant pas de virus et avec un navigateur de derni\u00e8re g\u00e9n\u00e9ration mis-\u00e0-jour.<\/p>\n\n<p>Les liens hypertextes mis en place dans le cadre du pr\u00e9sent site internet en direction d\u2019autres ressources pr\u00e9sentes sur le r\u00e9seau Internet ne sauraient engager la responsabilit\u00e9 de KRL Freelance.<\/p>\n\n<p>\u200b\u200b<\/p>\n\n<p>\u200b<\/p>\n\n<h4 class=\"wp-block-heading\">Propri\u00e9t\u00e9 intellectuelle<\/h4>\n\n<p>Tout le contenu du pr\u00e9sent site, incluant, de fa\u00e7on non limitative, les graphismes, images, textes, vid\u00e9os, animations, sons, logos, gifs et ic\u00f4nes ainsi que leur mise en forme sont la propri\u00e9t\u00e9 exclusive de la soci\u00e9t\u00e9 KRL Freelance \u00e0 l&rsquo;exception des marques, logos ou contenus appartenant \u00e0 d&rsquo;autres soci\u00e9t\u00e9s partenaires ou auteurs.<br \/>Toute reproduction, distribution, modification, adaptation, retransmission ou publication, m\u00eame partielle, de ces diff\u00e9rents \u00e9l\u00e9ments est strictement interdite sans l&rsquo;accord expr\u00e8s par \u00e9crit de KRL Freelance. Cette repr\u00e9sentation ou reproduction, par quelque proc\u00e9d\u00e9 que ce soit, constitue une contrefa\u00e7on sanctionn\u00e9e par les articles L.335-2 et suivants du Code de la propri\u00e9t\u00e9 intellectuelle. Le non-respect de cette interdiction constitue une contrefa\u00e7on pouvant engager la responsabilit\u00e9 civile et p\u00e9nale du contrefacteur. En outre, les propri\u00e9taires des Contenus copi\u00e9s pourraient intenter une action en justice \u00e0 votre encontre.<br \/>KRL Freelance est identiquement propri\u00e9taire des \u00ab\u00a0droits des producteurs de bases de donn\u00e9es\u00a0\u00bb vis\u00e9s au Livre III, Titre IV, du Code de la Propri\u00e9t\u00e9 Intellectuelle (loi n\u00b0 98-536 du 1er juillet 1998) relative aux droits d&rsquo;auteur et aux bases de donn\u00e9es.<\/p>\n\n<p>\u200b<\/p>\n\n<h4 class=\"wp-block-heading\">Litiges<\/h4>\n\n<p>Les pr\u00e9sentes conditions du site <a title=\"\" href=\"https:\/\/krl-freelance.fr\" target=\"_blank\" rel=\"noopener\">https:\/\/krl-freelance.fr<\/a> sont r\u00e9gies par les lois fran\u00e7aises et toute contestation ou litiges qui pourraient na\u00eetre de l\u2019interpr\u00e9tation ou de l\u2019ex\u00e9cution de celles-ci seront de la comp\u00e9tence exclusive des tribunaux dont d\u00e9pend le si\u00e8ge social de la soci\u00e9t\u00e9.<\/p>\n\n<p>La langue de r\u00e9f\u00e9rence, pour le r\u00e8glement de contentieux \u00e9ventuels, est le fran\u00e7ais.<\/p>\n\n<p>\u200b\u200b\u200b<\/p>\n\n<h4 class=\"wp-block-heading\">Contactez-moi<\/h4>\n\n<p>Je suis \u00e0 votre disposition pour tous vos commentaires ou suggestions.\u200b<\/p>\n\n<p>Vous pouvez m&rsquo;\u00e9crire par courrier \u00e9lectronique \u00e0 : <a title=\"\" href=\"mailto:contact@krl-freelance.fr\">contact@krl-freelance.fr<\/a> ou en passant directement par mon formulaire de contact.<\/p>\n\n<p>\u200b<\/p>\n\n<h6 class=\"wp-block-heading\">Merci de votre visite sur mon site<\/h6>\n\t\t\t\t\t\t\t\t<\/div>\n\t\t\t\t<\/div>\n\t\t\t\t\t<\/div>\n\t\t<\/div>\n\t\t\t\t\t<\/div>\n\t\t<\/section>\n\t\t\t\t<\/div>\n\t\t","protected":false},"excerpt":{"rendered":"<p>\u00a0 Ce site est exploit\u00e9 par Karelle Chevenier Vernisse responsable de la publication, dont les informations l\u00e9gales sont les suivantes : Num\u00e9ro de Siret : 79804235400026 Adresse : 36 Rue Louis Ranvier\u00a0 |\u00a0 42300 ROANNE \u200b Vous pouvez joindre KRL Freelance par mail : contact@krl-freelance.fr \u200b Dispens\u00e9e d\u2019immatriculation au registre du commerce et des soci\u00e9t\u00e9s [&hellip;]<\/p>\n","protected":false},"author":2,"featured_media":0,"parent":0,"menu_order":0,"comment_status":"closed","ping_status":"closed","template":"","meta":{"_monsterinsights_skip_tracking":false,"_monsterinsights_sitenote_active":false,"_monsterinsights_sitenote_note":"","_monsterinsights_sitenote_category":0,"site-sidebar-layout":"default","site-content-layout":"","ast-site-content-layout":"default","site-content-style":"default","site-sidebar-style":"default","ast-global-header-display":"","ast-banner-title-visibility":"","ast-main-header-display":"","ast-hfb-above-header-display":"","ast-hfb-below-header-display":"","ast-hfb-mobile-header-display":"","site-post-title":"","ast-breadcrumbs-content":"","ast-featured-img":"","footer-sml-layout":"","ast-disable-related-posts":"","theme-transparent-header-meta":"","adv-header-id-meta":"","stick-header-meta":"","header-above-stick-meta":"","header-main-stick-meta":"","header-below-stick-meta":"","astra-migrate-meta-layouts":"default","ast-page-background-enabled":"default","ast-page-background-meta":{"desktop":{"background-color":"","background-image":"","background-repeat":"repeat","background-position":"center center","background-size":"auto","background-attachment":"scroll","background-type":"","background-media":"","overlay-type":"","overlay-color":"","overlay-opacity":"","overlay-gradient":""},"tablet":{"background-color":"","background-image":"","background-repeat":"repeat","background-position":"center center","background-size":"auto","background-attachment":"scroll","background-type":"","background-media":"","overlay-type":"","overlay-color":"","overlay-opacity":"","overlay-gradient":""},"mobile":{"background-color":"","background-image":"","background-repeat":"repeat","background-position":"center center","background-size":"auto","background-attachment":"scroll","background-type":"","background-media":"","overlay-type":"","overlay-color":"","overlay-opacity":"","overlay-gradient":""}},"ast-content-background-meta":{"desktop":{"background-color":"var(--ast-global-color-5)","background-image":"","background-repeat":"repeat","background-position":"center center","background-size":"auto","background-attachment":"scroll","background-type":"","background-media":"","overlay-type":"","overlay-color":"","overlay-opacity":"","overlay-gradient":""},"tablet":{"background-color":"var(--ast-global-color-5)","background-image":"","background-repeat":"repeat","background-position":"center center","background-size":"auto","background-attachment":"scroll","background-type":"","background-media":"","overlay-type":"","overlay-color":"","overlay-opacity":"","overlay-gradient":""},"mobile":{"background-color":"var(--ast-global-color-5)","background-image":"","background-repeat":"repeat","background-position":"center center","background-size":"auto","background-attachment":"scroll","background-type":"","background-media":"","overlay-type":"","overlay-color":"","overlay-opacity":"","overlay-gradient":""}},"footnotes":""},"class_list":["post-1249","page","type-page","status-publish","hentry"],"yoast_head":"<!-- This site is optimized with the Yoast SEO plugin v27.5 - https:\/\/yoast.com\/product\/yoast-seo-wordpress\/ -->\n<title>Mentions l\u00e9gales - KRL Freelance Roanne<\/title>\n<meta name=\"robots\" content=\"index, follow, max-snippet:-1, max-image-preview:large, max-video-preview:-1\" \/>\n<link rel=\"canonical\" href=\"https:\/\/krl-freelance.fr\/?page_id=1249\" \/>\n<meta property=\"og:locale\" content=\"fr_FR\" \/>\n<meta property=\"og:type\" content=\"article\" \/>\n<meta property=\"og:title\" content=\"Mentions l\u00e9gales - KRL Freelance Roanne\" \/>\n<meta property=\"og:description\" content=\"\u00a0 Ce site est exploit\u00e9 par Karelle Chevenier Vernisse responsable de la publication, dont les informations l\u00e9gales sont les suivantes : Num\u00e9ro de Siret : 79804235400026 Adresse : 36 Rue Louis Ranvier\u00a0 |\u00a0 42300 ROANNE \u200b Vous pouvez joindre KRL Freelance par mail : contact@krl-freelance.fr \u200b Dispens\u00e9e d\u2019immatriculation au registre du commerce et des soci\u00e9t\u00e9s [&hellip;]\" \/>\n<meta property=\"og:url\" content=\"https:\/\/krl-freelance.fr\/?page_id=1249\" \/>\n<meta property=\"og:site_name\" content=\"KRL Freelance Roanne\" \/>\n<meta property=\"article:publisher\" content=\"https:\/\/www.facebook.com\/krlgraphiste\" \/>\n<meta property=\"article:modified_time\" content=\"2023-05-08T07:44:15+00:00\" \/>\n<meta name=\"twitter:card\" content=\"summary_large_image\" \/>\n<meta name=\"twitter:label1\" content=\"Dur\u00e9e de lecture estim\u00e9e\" \/>\n\t<meta name=\"twitter:data1\" content=\"5 minutes\" \/>\n<script type=\"application\/ld+json\" class=\"yoast-schema-graph\">{\"@context\":\"https:\\\/\\\/schema.org\",\"@graph\":[{\"@type\":\"WebPage\",\"@id\":\"https:\\\/\\\/krl-freelance.fr\\\/?page_id=1249\",\"url\":\"https:\\\/\\\/krl-freelance.fr\\\/?page_id=1249\",\"name\":\"Mentions l\u00e9gales - KRL Freelance Roanne\",\"isPartOf\":{\"@id\":\"https:\\\/\\\/krl-freelance.fr\\\/#website\"},\"datePublished\":\"2022-10-03T10:14:23+00:00\",\"dateModified\":\"2023-05-08T07:44:15+00:00\",\"breadcrumb\":{\"@id\":\"https:\\\/\\\/krl-freelance.fr\\\/?page_id=1249#breadcrumb\"},\"inLanguage\":\"fr-FR\",\"potentialAction\":[{\"@type\":\"ReadAction\",\"target\":[\"https:\\\/\\\/krl-freelance.fr\\\/?page_id=1249\"]}]},{\"@type\":\"BreadcrumbList\",\"@id\":\"https:\\\/\\\/krl-freelance.fr\\\/?page_id=1249#breadcrumb\",\"itemListElement\":[{\"@type\":\"ListItem\",\"position\":1,\"name\":\"Accueil\",\"item\":\"https:\\\/\\\/krl-freelance.fr\\\/\"},{\"@type\":\"ListItem\",\"position\":2,\"name\":\"Mentions l\u00e9gales\"}]},{\"@type\":\"WebSite\",\"@id\":\"https:\\\/\\\/krl-freelance.fr\\\/#website\",\"url\":\"https:\\\/\\\/krl-freelance.fr\\\/\",\"name\":\"KRL Freelance Roanne\",\"description\":\"Karellement Irr&eacute;stistible !\",\"publisher\":{\"@id\":\"https:\\\/\\\/krl-freelance.fr\\\/#organization\"},\"potentialAction\":[{\"@type\":\"SearchAction\",\"target\":{\"@type\":\"EntryPoint\",\"urlTemplate\":\"https:\\\/\\\/krl-freelance.fr\\\/?s={search_term_string}\"},\"query-input\":{\"@type\":\"PropertyValueSpecification\",\"valueRequired\":true,\"valueName\":\"search_term_string\"}}],\"inLanguage\":\"fr-FR\"},{\"@type\":\"Organization\",\"@id\":\"https:\\\/\\\/krl-freelance.fr\\\/#organization\",\"name\":\"KRL Freelance Roanne\",\"url\":\"https:\\\/\\\/krl-freelance.fr\\\/\",\"logo\":{\"@type\":\"ImageObject\",\"inLanguage\":\"fr-FR\",\"@id\":\"https:\\\/\\\/krl-freelance.fr\\\/#\\\/schema\\\/logo\\\/image\\\/\",\"url\":\"https:\\\/\\\/krl-freelance.fr\\\/wp-content\\\/uploads\\\/2022\\\/10\\\/cropped-Logo3fondtransparentBaseline.png\",\"contentUrl\":\"https:\\\/\\\/krl-freelance.fr\\\/wp-content\\\/uploads\\\/2022\\\/10\\\/cropped-Logo3fondtransparentBaseline.png\",\"width\":1706,\"height\":946,\"caption\":\"KRL Freelance Roanne\"},\"image\":{\"@id\":\"https:\\\/\\\/krl-freelance.fr\\\/#\\\/schema\\\/logo\\\/image\\\/\"},\"sameAs\":[\"https:\\\/\\\/www.facebook.com\\\/krlgraphiste\",\"https:\\\/\\\/www.instagram.com\\\/krl_graphiste_freelance\\\/\"]}]}<\/script>\n<!-- \/ Yoast SEO plugin. -->","yoast_head_json":{"title":"Mentions l\u00e9gales - KRL Freelance Roanne","robots":{"index":"index","follow":"follow","max-snippet":"max-snippet:-1","max-image-preview":"max-image-preview:large","max-video-preview":"max-video-preview:-1"},"canonical":"https:\/\/krl-freelance.fr\/?page_id=1249","og_locale":"fr_FR","og_type":"article","og_title":"Mentions l\u00e9gales - KRL Freelance Roanne","og_description":"\u00a0 Ce site est exploit\u00e9 par Karelle Chevenier Vernisse responsable de la publication, dont les informations l\u00e9gales sont les suivantes : Num\u00e9ro de Siret : 79804235400026 Adresse : 36 Rue Louis Ranvier\u00a0 |\u00a0 42300 ROANNE \u200b Vous pouvez joindre KRL Freelance par mail : contact@krl-freelance.fr \u200b Dispens\u00e9e d\u2019immatriculation au registre du commerce et des soci\u00e9t\u00e9s [&hellip;]","og_url":"https:\/\/krl-freelance.fr\/?page_id=1249","og_site_name":"KRL Freelance Roanne","article_publisher":"https:\/\/www.facebook.com\/krlgraphiste","article_modified_time":"2023-05-08T07:44:15+00:00","twitter_card":"summary_large_image","twitter_misc":{"Dur\u00e9e de lecture estim\u00e9e":"5 minutes"},"schema":{"@context":"https:\/\/schema.org","@graph":[{"@type":"WebPage","@id":"https:\/\/krl-freelance.fr\/?page_id=1249","url":"https:\/\/krl-freelance.fr\/?page_id=1249","name":"Mentions l\u00e9gales - KRL Freelance Roanne","isPartOf":{"@id":"https:\/\/krl-freelance.fr\/#website"},"datePublished":"2022-10-03T10:14:23+00:00","dateModified":"2023-05-08T07:44:15+00:00","breadcrumb":{"@id":"https:\/\/krl-freelance.fr\/?page_id=1249#breadcrumb"},"inLanguage":"fr-FR","potentialAction":[{"@type":"ReadAction","target":["https:\/\/krl-freelance.fr\/?page_id=1249"]}]},{"@type":"BreadcrumbList","@id":"https:\/\/krl-freelance.fr\/?page_id=1249#breadcrumb","itemListElement":[{"@type":"ListItem","position":1,"name":"Accueil","item":"https:\/\/krl-freelance.fr\/"},{"@type":"ListItem","position":2,"name":"Mentions l\u00e9gales"}]},{"@type":"WebSite","@id":"https:\/\/krl-freelance.fr\/#website","url":"https:\/\/krl-freelance.fr\/","name":"KRL Freelance Roanne","description":"Karellement Irr&eacute;stistible !","publisher":{"@id":"https:\/\/krl-freelance.fr\/#organization"},"potentialAction":[{"@type":"SearchAction","target":{"@type":"EntryPoint","urlTemplate":"https:\/\/krl-freelance.fr\/?s={search_term_string}"},"query-input":{"@type":"PropertyValueSpecification","valueRequired":true,"valueName":"search_term_string"}}],"inLanguage":"fr-FR"},{"@type":"Organization","@id":"https:\/\/krl-freelance.fr\/#organization","name":"KRL Freelance Roanne","url":"https:\/\/krl-freelance.fr\/","logo":{"@type":"ImageObject","inLanguage":"fr-FR","@id":"https:\/\/krl-freelance.fr\/#\/schema\/logo\/image\/","url":"https:\/\/krl-freelance.fr\/wp-content\/uploads\/2022\/10\/cropped-Logo3fondtransparentBaseline.png","contentUrl":"https:\/\/krl-freelance.fr\/wp-content\/uploads\/2022\/10\/cropped-Logo3fondtransparentBaseline.png","width":1706,"height":946,"caption":"KRL Freelance Roanne"},"image":{"@id":"https:\/\/krl-freelance.fr\/#\/schema\/logo\/image\/"},"sameAs":["https:\/\/www.facebook.com\/krlgraphiste","https:\/\/www.instagram.com\/krl_graphiste_freelance\/"]}]}},"_links":{"self":[{"href":"https:\/\/krl-freelance.fr\/index.php?rest_route=\/wp\/v2\/pages\/1249","targetHints":{"allow":["GET"]}}],"collection":[{"href":"https:\/\/krl-freelance.fr\/index.php?rest_route=\/wp\/v2\/pages"}],"about":[{"href":"https:\/\/krl-freelance.fr\/index.php?rest_route=\/wp\/v2\/types\/page"}],"author":[{"embeddable":true,"href":"https:\/\/krl-freelance.fr\/index.php?rest_route=\/wp\/v2\/users\/2"}],"replies":[{"embeddable":true,"href":"https:\/\/krl-freelance.fr\/index.php?rest_route=%2Fwp%2Fv2%2Fcomments&post=1249"}],"version-history":[{"count":5,"href":"https:\/\/krl-freelance.fr\/index.php?rest_route=\/wp\/v2\/pages\/1249\/revisions"}],"predecessor-version":[{"id":2479,"href":"https:\/\/krl-freelance.fr\/index.php?rest_route=\/wp\/v2\/pages\/1249\/revisions\/2479"}],"wp:attachment":[{"href":"https:\/\/krl-freelance.fr\/index.php?rest_route=%2Fwp%2Fv2%2Fmedia&parent=1249"}],"curies":[{"name":"wp","href":"https:\/\/api.w.org\/{rel}","templated":true}]}}